
1dc982
What is -2223525 (base 6) in base 14?
-2ccd7
Convert -2903da (base 15) to base 14.
-395bb9
What is -29a41c (base 13) in base 16?
-f9962
What is 3aa26 (base 12) in base 3?
11010001110
What is -1525032 (base 6) in base 15?
-1b688
d711a (base 14) to base 5
113100321
15541038 (base 9) to base 11
4422032
2240053 (base 6) to base 10
114081
-262265 (base 10) to base 3
-111022202112
What is 475196 (base 10) in base 15?
95beb
What is -1161846 (base 9) in base 15?
-c70a0
Convert 3401341 (base 5) to base 12.
2a5a4
Convert 15641333 (base 7) to base 14.
2b8d1a
-101568 (base 10) to base 8
-306300
Convert 13a6047 (base 11) to base 13.
664751
Convert 212231220 (base 5) to base 12.
374273
Convert -151420 (base 9) to base 16.
-16afd
What is -2580350 (base 10) in base 13?
-6c4646
Convert -187c4f (base 16) to base 14.
-2dab27
Convert 3952 (base 14) to base 6.
114340
-2002333 (base 6) to base 14
-262d3
What is 11221102100 (base 3) in base 13?
3536a
Convert -101221102000202 (base 3) to base 5.
-2442031044
Convert 3323140 (base 5) to base 10.
57920
Convert 86789 (base 10) to base 12.
42285
What is 112533331 (base 6) in base 10?
2096407
Convert -411033100 (base 5) to base 11.
-a33090
Convert 11011111111100011110 (base 2) to base 13.
26168b
What is 13e78 (base 16) in base 14?
219d6
Convert 4040921 (base 11) to base 15.
96249a
Convert -230231 (base 9) to base 3.
-21000021001
Convert -3b31d (base 14) to base 9.
-242304
Convert -110110020012 (base 3) to base 7.
-2040416
Convert -1152545 (base 6) to base 10.
-61553
-84b427 (base 12) to base 9
-3840314
Convert -331553 (base 6) to base 7.
-143412
Convert -20205254 (base 7) to base 3.
-10011111000202
What is 14eb9d (base 16) in base 15?
1c1377
Convert 231422433 (base 6) to base 4.
100110322311
Convert 138974 (base 13) to base 8.
1642010
What is b9a053 (base 12) in base 2?
1011001110000010111111
What is 10a600 (base 12) in base 8?
1011340
-432799 (base 10) to base 15
-88384
-ad6990 (base 16) to base 4
-223112212100
Convert 3ba65 (base 15) to base 2.
101110101101110001
What is -476bcd (base 14) in base 10?
-2439009
Convert 1344666 (base 8) to base 14.
9c342
What is a8591 (base 11) in base 8?
464103
-3539fd (base 16) to base 15
-48d853
Convert -21211221101101 (base 3) to base 13.
-b30a19
What is 13020321122 (base 4) in base 6?
104040042
What is -1504044 (base 9) in base 8?
-3124312
-709193 (base 10) to base 9
-1300742
Convert -2503025 (base 6) to base 2.
-100000011011111001
Convert c8eece (base 15) to base 16.
91ff5e
What is 6545e (base 15) in base 8?
1164116
e9e1 (base 16) to base 12
2a795
Convert -135b5 (base 15) to base 3.
-10011002222
452401314 (base 6) to base 4
133130123032
Convert -1100210220221 (base 3) to base 5.
-141141240
Convert 1338778 (base 11) to base 8.
10640111
1bcc639 (base 13) to base 6
530532250
What is 42a44 (base 13) in base 8?
353100
Convert -1335243122 (base 6) to base 16.
-f75c7a
What is 12413313 (base 5) in base 10?
122958
What is -16517324 (base 9) in base 13?
-193b2bc
Convert -2100101222 (base 3) to base 7.
-251522
Convert -44111442 (base 6) to base 4.
-11001033302
What is -53866 (base 12) in base 6?
-2205410
9c963 (base 14) to base 5
44134043
What is -3632066 (base 7) in base 15?
-91c1b
What is -368d33 (base 16) in base 15?
-4a9446
What is 8a219 (base 11) in base 3?
20122021202
2516bd (base 15) to base 6
102025454
Convert -7213117 (base 8) to base 9.
-3524801
What is -28845 (base 12) in base 14?
-1683b
-10000001001110101000111 (base 2) to base 16
-409d47
25247a (base 16) to base 8
11222172
What is b76d64 (base 16) in base 13?
264b795
725919 (base 11) to base 9
2164231
Convert bc4a1 (base 13) to base 2.
1010011010101011110
Convert -4475555 (base 8) to base 13.
-335419
Convert 10110101111101110 (base 2) to base 5.
10440131
Convert -1661a7 (base 15) to base 13.
-2bc39c
What is -202220022210 (base 3) in base 10?
-411393
Convert 26c1c7 (base 13) to base 2.
11100101101001101000
321001443 (base 5) to base 15
1b834d
-4412040 (base 5) to base 15
-1774a
What is -a0bc9 (base 15) in base 14?
-d3670
Convert -11303332322 (base 4) to base 7.
-15644051
4b4b398 (base 12) to base 2
111000011001010001100100
-167a (base 13) to base 7
-12441
What is 2340215 (base 6) in base 15?
261c2
Convert -1213103104 (base 5) to base 6.
-141210104
158450 (base 9) to base 2
10111111100000111
Convert 41847 (base 10) to base 12.
20273
Convert -10001101001010101 (base 2) to base 9.
-120127
Convert 67a30e (base 15) to base 12.
17a5888
-235ca (base 13) to base 11
-446a0
381fb4 (base 16) to base 8
16017664
Convert -2443123 (base 6) to base 3.
-20121201220
Convert -215526 (base 7) to base 14.
-dbbd
What is 5c (base 15) in base 2?
1010111
Convert -11413343302 (base 5) to base 11.
-7635637
-1a9b1 (base 12) to base 4
-21220111
-1341400 (base 6) to base 7
-433125
-21200221211022 (base 3) to base 9
-7627738
What is -3132213010 (base 4) in base 6?
-31313204
-24a186 (base 12) to base 8
-2220166
Convert -1375671 (base 9) to base 13.
-207454
41145016 (base 7) to base 9
6422657
What is 5cf0 (base 16) in base 7?
126236
Convert 12222122000 (base 3) to base 4.
130301010
What is -801111 (base 9) in base 8?
-1634174
-1816aa (base 11) to base 14
-74256
What is -2360114 (base 10) in base 8?
-11001462
Convert 110100111111111010101 (base 2) to base 9.
3236223
-522641 (base 7) to base 12
-43bb2
Convert 110100111 (base 4) to base 12.
40019
Convert -12002010122111 (base 3) to base 16.
-292fde
What is -21100200212 (base 3) in base 8?
-432723
Convert 212510122 (base 6) to base 7.
44032100
23266660 (base 7) to base 4
13310212033
What is 61288 (base 9) in base 16?
9d91
Convert -90334 (base 14) to base 11.
-21726a
-20154263 (base 7) to base 3
-10011012222102
Convert -4668312 (base 9) to base 13.
-6a56b0
Convert -1100010001000111100 (base 2) to base 13.
-110c77
Convert -9ff96 (base 16) to base 9.
-1207750
What is -221786 (base 10) in base 5?
-24044121
3a0853 (base 13) to base 7
14623166
What is -25521251 (base 6) in base 3?
-1120102022211
Convert -658386 (base 9) to base 7.
-3225336
What is 872c0 (base 15) in base 12?
1884b3
What is 216512 (base 7) in base 6?
453235
What is 3034123 (base 7) in base 12?
155304
What is 256774 (base 8) in base 2?
10101110111111100
What is 110212020001 (base 3) in base 14?
68366
What is -101a7 (base 14) in base 8?
-113547
-3216173 (base 8) to base 7
-10206062
What is -aa03 (base 16) in base 10?
-43523
Convert 730660 (base 12) to base 8.
6705250
Convert -4a8450 (base 14) to base 2.
-1001110000100100110110
Convert 105055 (base 7) to base 15.
5777
What is 12cfd (base 16) in base 8?
226375
Convert 331200424 (base 6) to base 15.
7c5484
-111110000100010000 (base 2) to base 10
-254224
What is -148153 (base 14) in base 9?
-1307020
What is -1c1518 (base 15) in base 4?
-11032310012
Convert 5222104 (base 8) to base 2.
101010010010001000100
Convert 110111101000101010010 (base 2) to base 10.
1823058
-4cb79c (base 14) to base 15
-373607
What is -35b3c8 (base 14) in base 16?
-1c05d4
Convert 35148018 (base 9) to base 2.
1000001001110001000100110
Convert b23b7 (base 13) to base 11.
1a8922
Convert 33011221110 (base 4) to base 7.
45422304
-408b09 (base 14) to base 4
-20103012311
What is -1561849 (base 12) in base 3?
-22012101100210
What is -323123223 (base 6) in base 15?
-788996
340334 (base 8) to base 10
114908
What is -111201001012 (base 3) in base 13?
-95a2c
Convert -1300305 (base 7) to base 10.
-168222
59855 (base 13) to base 10
164000
13113643 (base 7) to base 2
100100100001111111100
Convert -3163450 (base 9) to base 15.
-237499
What is 113520 (base 7) in base 16?
5010
11210710 (base 8) to base 6
124023052
Convert -101011111011101001 (base 2) to base 12.
-88175
Convert -125675 (base 9) to base 6.
-1345322
What is 102413021 (base 5) in base 8?
1522272
-301254103 (base 6) to base 12
-1864333
Convert 2695972 (base 12) to base 16.
74e826
What is 22021001200 (base 3) in base 13?
59028
What is -230133233023 (base 4) in base 12?
-3aa6237
-1504022 (base 7) to base 4
-301211000
Convert c02b38 (base 14) to base 15.
879822
What is -10011052 (base 6) in base 11?
-182531
-12002120220100 (base 3) to base 15
-387643
What is -11350353 (base 6) in base 8?
-1270275
-10e405 (base 15) to base 3
-1112000201112
What is -216374 (base 9) in base 6?
-2434451
What i